alse
Let f = 1 + 1. Suppose -2*i + 4*i + 52 = 4*x, 2*x + f*i - 32 = 0. Suppose -3*b + x = -31. Is b a prime number?
False
Let j(g) = 2 + 6*g**2 - 11 + g**2 - 6*g**2 - 2*g. Is j(8) a composite number?
True
Let l be ((-3)/9)/(1/(-15)). Suppose -5*i - l - 11 = -m, 4*m - 30 = 3*i. Suppose 0 = -b + 17 - m. Is b composite?
False
Suppose g = 2*l - 4, -6 = -3*l + 2*g - 4*g. Suppose -5*z + 15 = 0, 0 = l*u - 4*z - 62 - 76. Let t = -6 + u. Is t composite?
True
Let j(a) = -2*a + 1. Let t be j(-1). Suppose 0 = -3*i + 4*i - t. Is i a composite number?
False
Suppose 10*g = 7*g + 12. Suppose 2*q - 1575 = -g*h - 3*q, 0 = -h - 2*q + 393. Is h a prime number?
False
Let r = -282 + 585. Is r prime?
False
Let h(g) = -357*g + 2. Let b be h(-1). Let l = b - 64. Is l prime?
False
Let t be ((-18)/(-3))/(-1 + 0). Let c(p) = p**3 + 12*p**2 + 8*p - 5. Is c(t) a prime number?
True
Let n = 4 - -4. Let d(p) = 3*p + 5. Let y(z) = -2*z - 2. Let s(h) = -3*d(h) - 5*y(h). Is s(n) a prime number?
True
Let y(n) = -13*n - 3. Let l be 5/(-4) + (-12)/16. Is y(l) composite?
False
Let x = 3186 - 2113. Is x composite?
True
Let f be 4*-1 + 2 + 47. Let v = 4 + f. Is v prime?
False
Suppose -5*v + 39 = -136. Is v a prime number?
False
Suppose 4*m = -3*u - 2, 2*m - 4*u + 16 = -2*m. Is m + 133 + 2 + -2 composite?
False
Suppose 0 = -0*s - 4*s + 3316. Let w = s - 494. Is w composite?
True
Let q be (0 - 5)*(-8)/10. Suppose -90 = -q*o - 5*b, -b - 98 - 4 = -4*o. Is o a composite number?
True
Let d = 2241 - 1398. Is d prime?
False
Let n = 2 + -1. Suppose 0*v = -2*v + 6. Suppose v*a + n = 256. Is a composite?
True
Let t be 4 - 3 - 494/(-2). Suppose 3*j + 4*s + 211 = 6*j, 3*s = -4*j + t. Is j a prime number?
False
Let f(g) = -g**2 + 10*g + 11. Is f(6) a composite number?
True
Let w(t) = -95*t + 9. Is w(-4) a prime number?
True
Let q(v) = -v**2 + 13*v - 5. Is q(7) prime?
True
Let w = -27 - -80. Let z = w - -2. Is z a prime number?
False
Let l(t) = -2*t. Let o be l(-5). Let v be (-2)/o + 52/10. Suppose 0 = d + 5, -518 = -v*s + 4*d - 53. Is s a prime number?
True
Let l(n) = n**2 - 8*n + 2. Let j be l(7). Let g(y) = 2*y**2 + 4*y + 7. Is g(j) a prime number?
True
Suppose 3*r + 510 - 3069 = 0. Is r a prime number?
True
Suppose -4*f + 1197 = -5*p, 2*f - 3*p - 600 = p. Let z = f + -113. Is z prime?
False
Suppose 25*p = 29*p - 1996. Is p a composite number?
False
Is -2*(-753)/(-18)*-3 a prime number?
True
Suppose -4965 = -3*h - 0*h. Is h composite?
True
Let r(w) = -w**2 + w + 9. Let m be r(0). Suppose 0 = 4*i + 3*y - 5, 5*i + 4*y = i + 4. Let c = m - i. Is c a composite number?
False
Let f = 9 + -7. Suppose -o = -5*g - 2*o + 541, 0 = f*g - 3*o - 230. Suppose -3*q + 68 = -g. Is q a composite number?
False
Suppose 0 = -0*f - 2*f + 886. Is f a composite number?
False
Let h(v) = 9*v**2 + 8*v - 1. Is h(-8) prime?
False
Let q(v) = -v**3 + 19*v**2 - 16*v + 31. Is q(18) composite?
False
Let f = -30 - 606. Let w = -79 - f. Is w prime?
True
Let m(b) = -b - 1. Let p be 0 + 1 - (-1 + 0). Let x be m(p). Let u(d) = -2*d**3 - 4*d**2 - 4. Is u(x) composite?
True
Let o be (-1)/2 - (-3)/(-2). Is 251/o*(-6)/3 prime?
True
Let x = 4 - -1. Suppose 4*v + 3*t - 283 = 0, 6*t - t + 310 = x*v. Is v a prime number?
True
Let n(m) = m**3 - 5*m**2 + 6*m - 6. Let a be n(4). Suppose 473 = 5*s + 3*b, -3*s - 4*b + 81 = -a*s. Is s a prime number?
True
Suppose 47*u = 52*u - 5815. Is u a composite number?
False
Suppose 4*s + 634 = 2126. Is s composite?
False
Suppose 0 = 5*t - 2*s - 713, 2*s = 3*t - 420 - 11. Is t composite?
True
Let k = 10 + -6. Suppose 5*h + k*p = 235, -2*h - 58 + 159 = 3*p. Is h prime?
True
Is 0/2 + 214 + 9 prime?
True
Let f(r) be the third derivative of -2*r**2 - 1/6*r**4 - 1/2*r**3 + 2/15*r**5 + 0*r + 0. Is f(-2) composite?
False
Let x(v) = 20*v**3 + v - 1. Is x(2) a prime number?
False
Let n(v) = 6*v**3 + v**2 - 6*v - 207. Let j(b) = -7*b**3 - b**2 + 7*b + 206. Let s(y) = -5*j(y) - 6*n(y). Let k be s(0). Let r = k - 123. Is r a prime number?
True
Suppose 8*a - 12 = 5*a. Suppose -102 = -a*l + l. Is l a prime number?
False
Let s be 3 + 1 + -2 - -6. Let z be (-12)/(-30) + s/5. Suppose h - 4*x - 2 = z*h, x - 24 = -2*h. Is h composite?
True
Let d(q) = q**3 + 4*q**2 + q - 1. Let n be d(3). Suppose 81 = 3*m - 6. Suppose h - 4*g - m = 0, -3*h - 2*h + n = -4*g. Is h composite?
True
Let n(t) = 846*t + 31. Is n(7) a prime number?
True
Let i(y) = -y**3 - 3*y**2 + 4. Let z be i(-3). Suppose -3*h = -b - 10, z*b + 10 + 12 = 3*h. Is 79 + (3 - (1 + h)) prime?
True
Let g = 221 - 135. Is g a composite number?
True
Suppose -3*t + o + 1 = 0, 14 = 2*t - 2*o + 4*o. Let j(n) = 4*n**2 - 3*n**t + 4 - 10*n + 7. Is j(12) a composite number?
True
Suppose -h - 294 = -2*h. Suppose -5*s + 116 = -h. Is s a composite number?
True
Is 4 - (-1326)/(6/2) composite?
True
Let g(h) = h**2 + h + 3. Let u(x) = 3*x - 2. Let b be u(2). Is g(b) composite?
False
Suppose -3*i - 5*n - 7 - 15 = 0, -4*i - 20 = 2*n. Is ((-3)/(-5))/(i/(-40)) prime?
False
Let r = 8 + -63. Let z = -30 - r. Is z a composite number?
True
Let l(q) = 42*q**2 + 11*q + 4. Is l(-7) a prime number?
False
Let o = 82 - 45. Is o a prime number?
True
Let j(z) = 87*z**2 - 5*z + 2. Let y be j(3). Let d = y - 453. Is d a prime number?
True
Is (-12)/30 - (-32061)/15 a composite number?
False
Let r be 2/((-3)/6 - -1). Suppose 3*y - h - 570 = r*h, -5*y + 937 = -4*h. Is y a prime number?
False
Suppose -4*w + 3*f = -204, -5*w - 5*f + 255 = -0*f. Is w prime?
False
Let c(o) = 336*o**3 + o. Is c(1) a composite number?
False
Let g(p) = -3*p**2 - 17*p - 24. Let w(f) = f**2 + 6*f + 8. Let k(h) = 6*g(h) + 17*w(h). Let o be k(0). Is (-2)/8 + (-250)/o a composite number?
False
Let a = -618 - -1679. Is a a prime number?
True
Let a be 2/(2/(-3)) + 21. Let w = 15 + a. Is w composite?
True
Let a = -16 + 13. Is -3 + a + 500/4 a prime number?
False
Let w = 2 + 8. Let z be 516/15 - 4/w. Let k = -19 + z. Is k a prime number?
False
Let w be (2/(-2))/(2/(-10)). Suppose -w*k + f + 816 = 0, 159 = -5*k + 4*f + 978. Is k composite?
False
Suppose -140 + 360 = 2*l. Let f = 62 - l. Is 0/2 - (f - -1) composite?
False
Suppose 0 = -10*g + 3*g + 1337. Is g a composite number?
False
Suppose -4*f = -1648 - 28. Is f a composite number?
False
Let x(s) be the first derivative of -s**3/3 + 9*s**2/2 + 8*s - 2. Let h be x(8). Suppose 0 = -4*j + p + 23, -42 = -4*j - 2*p - h. Is j a prime number?
False
Suppose 4*i + 0*i = 436. Is i composite?
False
Suppose 7*m - 3*m = 228. Suppose -3*a + 6 = h, 18 = a + 3*h - 8*h. Suppose -m = -6*r + a*r. Is r prime?
True
Let c(i) = -i**3 - 11*i**2 + 12*i + 8. Let u(w) = w**3 + 10*w**2 - 11*w - 7. Let k(g) = -5*c(g) - 6*u(g). Is k(-7) composite?
True
Let y = 26 + 40. Suppose 88 = 4*v + 2*q, -2*q + y = 2*v + v. Is v prime?
False
Let l be 0 - (3/(-1))/1. Suppose -5*c - 35 = -l*s, -3*s + 7 = c + c. Is (124/8)/((-1)/c) prime?
False
Let u(w) be the second derivative of w**5/20 - w**4/3 - 2*w**3/3 + 5*w**2/2 + 4*w. Is u(6) a composite number?
False
Let t(m) = -m**3 - 7*m**2 + 6*m - 6. Let n be (2 - 1)*8*-1. Let v be t(n). Let y = v - -21. Is y a prime number?
True
Let b(m) = -4*m + 2. Let t be b(3). Let y = 12 + t. Suppose -3*i + 159 = y*w + 52, -i + 14 = 5*w. Is i a composite number?
True
Let l be 2 + 3/(-1 + 4). Is (-1 + l)/((-20)/(-1590)) composite?
True
Is (1 + 4)*236/20 a prime number?
True
Let a = -157 - -368. Is a a composite number?
False
Suppose 71 = -5*o - 4*y, 9*o + 5*y + 64 = 5*o. Let b = o - -28. Suppose -38 - b = -v. Is v a prime number?
False
Suppose 0 = 3*w + 5*z - 563, -2*w - 4*z = -142 - 230. Suppose -w - 41 = -3*r. Is r a prime number?
True
Let n(t) = 5*t + 1637. Is n(0) a composite number?
False
Suppose -4*t + 16 = -2*j, -3*t + 16 = 2*j + t. Suppose j = 5*h + 2 - 37. Is h a composite number?
False
Let s be (-8)/5*15/(-6). Suppose 2*w - 5*k + 980 = 7*w, 774 = s*w + 2*k. Is w prime?
True
Suppose -4*f + 5*f + 3*b = 356, 1880 = 5*f - 5*b. Is f composite?
True
Let m(t) = -t**3 + 18*t**2 + 8*t + 4. Let i be m(13). Suppose 4*v = 2*z + z + 1280, -4*z - i = -3*v. Is v prime?
False
Suppose -5*v + v = -20. Suppose -v*a + 57 = -528. Suppose -41 + a = 4*p. Is p a composite number?
False
Let o(l) = 4*l + 8*l**2 - 1 - 3*l**3 + 2*l**3 + 2*l**3 + 2. Is o(-3) a composite number?
True
Let n = 541 + -174. Is n a composite 